8. Let r(h) = -2*h**2 + 12*h - 14. Let y be r(4). Suppose -t - v = y*t. What is p(t)?
0
Let f(l) be the first derivative of -3 + 10*l - 1/2*l**2 + 11/6*l**3. Let k(c) be the first derivative of f(c). Calculate k(-1).
-12
Let z(r) = 2*r + 10. Suppose -4*g + 0 = -4*u - 4, -2*g - u - 1 = 0. Let v be z(g). Let b = -9 + v. Let k(o) = -11*o**2 + o. Determine k(b).
-10
Let d(c) = 1 - 7*c - 1 + 2*c + 4*c. Let u = -40 + 57. Suppose -5*b + 2 - u = 0. Determine d(b).
3
Let r(c) = -c**3 - 6*c**2 + c + 2. Let v(d) be the second derivative of d**2 - 1/4*d**4 + 0 + 3*d - 1/3*d**3. Let w be v(-2). Give r(w).
-4
Let j(h) = -2*h**2 - 5*h - 2. Suppose -5*z + 3 = -a, 2*z + z = -2*a + 7. Let u = -1 + 6. Suppose -a*t + u*t = -12. Calculate j(t).
-14
Let l(v) = -41*v + 326. Let m be l(8). Let r(a) = 32*a + 1. Determine r(m).
-63
Let z be (1 - -2)*(-12)/(-36) - 7. Let c(f) = f + 1. Determine c(z).
-5
Let v be (2 - 4) + -3 + 7 - -3. Let f(p) = -p**3 + 5*p**2 - p + 4. Give f(v).
-1
Let u(n) = 84*n - 86*n - 4 + 14. Let l = -27 + 30. Suppose 5*q - l*k + 2 = 4*q, -2*q - 3*k = -23. Determine u(q).
-4
Let a(x) = -2*x**3 - 3*x**2 - 2*x. Let s = 5 - 1. Let w be (-2 + 4)/(s + -5). What is a(w)?
8
Let b(a) be the second derivative of 1/12*a**4 - 11*a - 4/3*a**3 + 3*a**2 + 0. Give b(5).
-9
Let z(j) = j**3 + 8*j**2 + 4*j + 3. Suppose -3*l + 5*y - 37 = -8, 2*y = -2*l + 2. Determine z(l).
36
Let f = 1437 - 636. Let o(t) = -f*t + 399*t - 1 + 399*t. Suppose 4*a = -3*q + a + 6, 0 = 2*q + 4*a. Calculate o(q).
-13
Let f(a) = a**3 - 2*a**2 - 4*a - 2. Let v(p) = -p**2 + 2*p + 1. Let y be v(3). Calculate f(y).
-10
Let i(f) = 57*f - f**2 - 115*f + 53*f. Determine i(-7).
-14
Suppose s - 5 = -5*r + 4*r, s = r - 7. Let w(d) = d - 13. Calculate w(r).
-7
Let w(v) = -2*v**3 - 2*v**2 + v + 2. Let t be w(-1). Let d(x) = -9*x - 2. What is d(t)?
-11
Let f(k) = -28*k**3 - k**2 - k - 1. Suppose -15*m = -17*m - 2. Calculate f(m).
27
Let r = 333 - 321. Let s(l) = l**3 - 13*l**2 + 16*l - 42. Give s(r).
6
Let a be 27 - (9/(-45) + 2/10). Suppose 0 = 4*i + a - 39. Let l(m) = m**2 + 2*m - 3. What is l(i)?
12
Let h(f) = f**3 - 7*f**2 - 6*f - 18. Let s = 986 - 978. Determine h(s).
-2
Suppose -3*s + 5*s + 16 = 4*o, 3*s = 4*o - 18. Let k(d) = 0*d**3 - 64*d - 7*d**3 - 6*d**3 + 62*d - 3 + 14*d**3 - 3*d**2. Give k(o).
-9
Let m(k) = k + 1. Suppose i + 11 = 3. Let l = 14 + i. What is m(l)?
7
Let f(k) = -k + 6. Let o(r) = r - 9. Let u be o(12). Let d be f(u). Let m(s) = -2*s**3 + s**3 + d*s**2 - 5*s - 4 + 2*s**3. Calculate m(-3).
11
Let o(y) = -1 + 0*y - 4*y + 2 + 0. Let k be o(2). Let f(t) be the first derivative of t**4/4 + 7*t**3/3 + t**2/2 + 6*t - 7. Determine f(k).
-1
Let w(q) = -11*q**2 - 3*q - 1. Let n(v) = 5*v**2 + v. Let t(b) = 9*n(b) + 4*w(b). Let r = 12 - 13. Let x = 5 + r. Give t(x).
0
Let f = 2 - 1. Let a(t) = 6*t**3 - 8*t**2 + 2*t + 1. Let r(q) = -6*q**3 + 12*q**2 - 2*q - 2. Let j(z) = 3*a(z) + 2*r(z). What is j(f)?
7
Let i = -7 - -3. Let b(y) = -2*y**2 + y + 4. Let v(p) = p**2 + p. Suppose 0*q - 2*q + 8 = -2*o, 3*q + 4*o - 5 = 0. Let a(d) = q*v(d) + b(d). Calculate a(i).
4
Let v(d) = -d**3 - 4*d**2 + 2*d + 6. Let m(y) = 24*y**2 + 3*y + 2. Let j be m(-1). Suppose 2*x + 5*k + j = 0, -3*x - 24 = 2*k + 2*k. Determine v(x).
-2
Let m be ((-5)/(-5))/((-1)/(-26)). Suppose -5*n + 2*l - 125 = 0, -92 = 2*n - 4*l - m. Let q = 18 + n. Let g(p) = p - 1. Calculate g(q).
-6
Let v(d) be the second derivative of d**3/3 + d**2 + 25*d. Let l be v(4). Let k(w) = w**2 - 9*w - 10. Give k(l).
0
Let y(v) be the first derivative of v**6/360 + v**5/120 - 5*v**4/24 - v**3/3 - 6. Let k(f) be the third derivative of y(f). Determine k(0).
-5
Let n(c) = 206 + 0*c + 209 - 412 + 3*c. Let z = -4 + 2. Let q be n(z). Let y(k) = 5*k + 3. What is y(q)?
-12
Let w(m) = 1 - 4 + 4 + m**2. Suppose -18 = -25*h - 68. Calculate w(h).
5
Let l(m) = -12*m**2 + 0*m**3 - m**3 + 2*m**3 + 3*m**2 + 2*m + 8 + m. Calculate l(8).
-32
Let o = 6 + -2. Suppose p = o*p - 12. Let u(i) = 4 - 1 - 5 + 1 - p*i. Calculate u(2).
-9
Let b(w) = -3*w - 12. Let f(i) = 3*i + 12. Let l(t) = 5*b(t) + 6*f(t). Let h be l(-6). Let q(u) = -u**3 - 6*u**2 + u + 2. Give q(h).
-4
Let b(z) = 3 + 5*z + z**3 + 6 - 4 + 6*z**2. Let k = 14 + -19. Let s be 2/(2 + 12/k). Determine b(s).
5
Let b(s) = 2*s**2 - 3*s - 9. Let g(v) = -v**2 + 2*v + 5. Let p(y) = -4*b(y) - 7*g(y). Suppose -36 = 4*i - 7*a + 3*a, 14 = -i + 2*a. Calculate p(i).
-7
Let t(k) = k**3 + 4*k**2 - 6*k + 3. Suppose 0 = -2*q + 3*h + h - 30, -4*q + h = 25. Give t(q).
8
Let y be (-2 - -1)/(3/15). Let b(a) = -5*a**2 + 2 - 3*a - 23*a**2 + 32*a**2 + a**3. What is b(y)?
-8
Let o(w) = -8*w**2 + w. Let a = -43 - -34. Let b = -22 + a. Let u = b + 32. Give o(u).
-7
Let j be ((-6)/(-4))/((1 - -1)/4). Let o(v) = 133*v**j - v - 2*v - 5 - 4*v**2 - 134*v**3. What is o(-4)?
7
Let b(y) be the third derivative of y**6/120 + y**5/12 + 5*y**4/24 + y**3/2 - 2*y**2. Suppose 0 = -2*d + 4*d - 8. Let i = d - 7. Calculate b(i).
6
Let w(d) = -3*d - d**2 + 7*d**2 - 2*d + 1 - d**3. Let i be ((-9)/(-6))/(18*5/300). What is w(i)?
1
Let c be -10 + 17 + 25/(-5). Let f(k) = -6*k - 3. Let n(w) = -7*w - 4. Let p(o) = 3*f(o) - 2*n(o). What is p(c)?
-9
Let o(k) = -k**2 + 14*k - 4. Let t(f) = -2*f**2 + 27*f - 8. Let v(r) = -11*o(r) + 6*t(r). Suppose 2*m - m = 7. Calculate v(m).
3
Let s(o) be the first derivative of 2*o**2 + o - 15. Let l = 29 + -28. What is s(l)?
5
Let g(s) = -s**3 + 6*s**2 - 5*s - 3. Suppose -8*q - 328 + 376 = 0. Determine g(q).
-33
Let a(z) be the second derivative of -3*z**2 + 1/6*z**4 + 0 + z**3 + 4*z - 1/60*z**5. Let s(c) be the first derivative of a(c). Determine s(5).
1
Let o = 22 - 22. Suppose o = 5*w - 0*w - 25. Let h(c) = c**3 - 6*c**2 + 6*c - 5. Determine h(w).
0
Let a(g) = g. Let t(n) = n**2 + 4*n - 3. Let q be t(3). Let l be ((-18)/(-24))/((-1)/(1 + 7)). Let d be ((-12)/q)/(2/l). What is a(d)?
2
Let g(a) = a**2 + 3*a - 8. Let w be (-1 - 0)*(-1 + 6). What is g(w)?
2
Let x be 7/21 + 123/9. Suppose -12*h = -5*h - x. Let d(y) = -2*y - 2. What is d(h)?
-6
Let v = 8 + -15. Let s(i) be the first derivative of i**2/2 - 4*i + 1222. Give s(v).
-11
Let c(m) = 15 + m - 13*m + 3 - 22 + 5. Let w(i) = -i**3 - 3*i**2 - 2. Let v be w(-3). Let l = 1 + v. Give c(l).
13
Let x(s) be the first derivative of -2*s**3/3 + 3*s**2 + 50. Give x(5).
-20
Suppose 3*k - 4*k - 3*b + 17 = 0, -20 = -5*k - 2*b. Let n(y) = 9*y**3 - 10*y**3 + k - 7*y**2 + 3*y - 6*y + 3. Suppose 2*u - u = -6. What is n(u)?
-13
Let r = 57 + -62. Let o(b) = 6*b**2 - 2*b + 8. Let z(a) = a**2 + a + 2. Let p(q) = r*z(q) + o(q). Give p(8).
6
Let q(m) = -m**2 - 5*m + 1. Let d be q(-7). Let w = d + 13. Suppose -5*r + 10 = -w*r. Let j(i) = -i + 1. Calculate j(r).
-1
Suppose 3*s - 4 = 8. Let c = -1 + s. Let k(i) = i**2 - 2*i + 3. Determine k(c).
6
Let d(b) = -4*b**3 - 6*b**2 - 10*b - 1. Let t(l) = l**2 + 2*l. Let y(x) = -d(x) - 6*t(x). Let k be (-1 - 2)/(-4 - -1). Give y(k).
3
Let n(w) = w**3 - w**2 - w - 7. Suppose 15 + 10 = g. Suppose -r - g = -6*r. Let d(c) = -c**3 + 5*c**2 - c + 5. Let l be d(r). Determine n(l).
-7
Let k(m) = -23*m**2 - m. Suppose -4*y + 29 = 9. Suppose 2*s - 7 = 3*g + 3, 17 = -y*s - 3*g. What is k(s)?
-22
Let l(d) = d**2 - d + 7. Suppose 2*a = 4*h, 0 = -4*a - 0*a - 5*h + 13. Let g be 0 + a - 4/2. Calculate l(g).
7
Suppose 0 = 9*d - 8*d. Let x(m) = -m + 4. Let v be x(d). Let s(h) = 7 - h**2 + 7 - 15 + v*h. Give s(4).
-1
Let h(l) = l**3 - 5*l**2 - 7. Let t(j) = j**2 - 5*j - 26. Let c be t(9). Suppose -41 = -c*v + 9. Determine h(v).
-7
Let v(d) = -7*d**2 + 5*d - 6. Let r be v(0). Let p(c) = -3 + 1 - c + 1. Give p(r).
5
Let c(n) = -8*n**2 + 8*n**3 + 3 + n - 2*n - 9*n**3 - 3*n + 3. What is c(-5)?
-49
Suppose 4*n + t + 10 = 3*t, n + 15 = 3*t. Suppose n = 2*i + o - 2, 3*i - 4*o + 0*o - 25 = 0. Let v(k) = -2*k - 2 + 6*k**2 + 6 - 2*k**2 - k**3. What is v(i)?
7
Let d(n) = n**2 - 7*n + 3. Let w be d(7). Let h(z) = z**2 - 21*z**3 + 1 + 4*z + 58*z**3 - 19*z**w - 19*z**3. Calculate h(3).
-5
Let z(i) = 2*i - 4. Let a(o) = -2*o - 7. Let w be a(-6). Suppose w*h = -0*h + 75. Let x be (-93)/(-21) + h/(-35). What is z(x)?
4
Let i = -1726 + 1722. Let h(y) = y**2 - 13. Calculate h(i).
3
Let y(a) be the first derivative of a**3/3 - 9*a**2/2 - 9*a + 8. Let k be y(10). Let z(t) = 6*t**3 + t**2 - t + 1.